613?
7, 242659
List the prime factors of 11119601.
11119601
List the prime factors of 90338.
2, 17, 2657
List the prime factors of 135566.
2, 67783
List the prime factors of 1848482.
2, 924241
What are the prime factors of 27872468?
2, 13, 19, 28211
List the prime factors of 10623105.
3, 5, 236069
List the prime factors of 207654.
2, 3, 53, 653
List the prime factors of 1319873.
19, 69467
What are the prime factors of 212379?
3, 70793
What are the prime factors of 2418607?
17, 142271
What are the prime factors of 411007?
411007
List the prime factors of 20592.
2, 3, 11, 13
What are the prime factors of 2131786?
2, 1065893
What are the prime factors of 6441228?
2, 3, 19, 43, 73
List the prime factors of 228298.
2, 7, 23, 709
What are the prime factors of 834456?
2, 3, 7, 4967
What are the prime factors of 560657?
29, 19333
What are the prime factors of 1734999?
3, 7, 82619
List the prime factors of 6212875.
5, 23, 2161
List the prime factors of 7290146.
2, 31, 3793
What are the prime factors of 356111?
7, 50873
List the prime factors of 20933.
11, 173
List the prime factors of 1703840.
2, 5, 23, 463
What are the prime factors of 217550?
2, 5, 19, 229
List the prime factors of 2415496.
2, 17, 17761
What are the prime factors of 203769?
3, 7547
What are the prime factors of 13008648?
2, 3, 542027
List the prime factors of 14794578.
2, 3, 19, 181, 239
What are the prime factors of 1163558?
2, 11, 52889
List the prime factors of 3154121.
233, 13537
What are the prime factors of 4778443?
19, 47, 5351
What are the prime factors of 10520217?
3, 131, 8923
List the prime factors of 112862.
2, 56431
What are the prime factors of 13453921?
13, 79609
List the prime factors of 10143694.
2, 11, 193, 2389
What are the prime factors of 27870095?
5, 11, 506729
What are the prime factors of 320795?
5, 83, 773
List the prime factors of 4642626.
2, 3, 433, 1787
List the prime factors of 211246.
2, 7, 79, 191
What are the prime factors of 6305166?
2, 3, 7, 163, 307
What are the prime factors of 734470?
2, 5, 11, 607
List the prime factors of 285609.
3, 95203
List the prime factors of 122157.
3, 7, 277
What are the prime factors of 6754324?
2, 599, 2819
What are the prime factors of 102987?
3, 11443
List the prime factors of 324843.
3, 19, 41, 139
What are the prime factors of 2575916?
2, 7, 91997
What are the prime factors of 201912?
2, 3, 47, 179
List the prime factors of 232608.
2, 3, 2423
List the prime factors of 17119150.
2, 5, 89, 3847
What are the prime factors of 188630?
2, 5, 13, 1451
What are the prime factors of 398897?
37, 10781
What are the prime factors of 72997?
72997
What are the prime factors of 22868790?
2, 3, 5, 7, 47, 331
List the prime factors of 8679579.
3, 23, 125791
List the prime factors of 412601.
7, 58943
List the prime factors of 176006.
2, 88003
List the prime factors of 1900005.
3, 5, 17, 7451
List the prime factors of 192603.
3, 19, 31, 109
What are the prime factors of 79808?
2, 29, 43
List the prime factors of 213607.
227, 941
What are the prime factors of 33192?
2, 3, 461
List the prime factors of 31167.
3, 3463
List the prime factors of 22488.
2, 3, 937
List the prime factors of 2404802.
2, 47, 25583
What are the prime factors of 2341962?
2, 3, 7, 18587
List the prime factors of 1769886.
2, 3, 98327
List the prime factors of 15642909.
3, 19, 30493
What are the prime factors of 2568551?
743, 3457
What are the prime factors of 3397?
43, 79
What are the prime factors of 78593?
78593
What are the prime factors of 5212292?
2, 1303073
List the prime factors of 554172.
2, 3, 46181
What are the prime factors of 236923?
23, 10301
List the prime factors of 34628849.
19, 1822571
What are the prime factors of 1716?
2, 3, 11, 13
List the prime factors of 9415423.
9415423
List the prime factors of 3683228.
2, 920807
What are the prime factors of 299562?
2, 3, 49927
What are the prime factors of 5517695?
5, 19, 241
List the prime factors of 316300.
2, 5, 3163
What are the prime factors of 3494619?
3, 97, 4003
What are the prime factors of 539095?
5, 137, 787
What are the prime factors of 19022335?
5, 269, 14143
List the prime factors of 521539.
521539
What are the prime factors of 173406?
2, 3, 28901
List the prime factors of 7564940.
2, 5, 29, 13043
What are the prime factors of 184168?
2, 23021
What are the prime factors of 459267?
3, 153089
What are the prime factors of 103708?
2, 11, 2357
What are the prime factors of 381842?
2, 190921
What are the prime factors of 2840436?
2, 3, 78901
What are the prime factors of 158753?
7, 22679
What are the prime factors of 1745761?
1745761
List the prime factors of 306715.
5, 61343
What are the prime factors of 737983?
577, 1279
List the prime factors of 898886.
2, 23, 19541
List the prime factors of 794745.
3, 5, 7, 29
List the prime factors of 7159053.
3, 11, 401, 541
What are the prime factors of 69071?
17, 239
List the prime factors of 27143394.
2, 3, 41, 110339
What are the prime factors of 22158845?
5, 19, 233251
List the prime factors of 1194681.
3, 398227
What are the prime factors of 4814774?
2, 17, 23, 47, 131
List the prime factors of 3776434.
2, 1888217
List the prime factors of 187528.
2, 11, 2131
What are the prime factors of 413698?
2, 131, 1579
List the prime factors of 2719707.
3, 29, 43, 727
What are the prime factors of 1515202?
2, 13, 101, 577
List the prime factors of 1309506.
2, 3, 11, 19841
List the prime factors of 1032182.
2, 516091
List the prime factors of 3692915.
5, 738583
What are the prime factors of 90492?
2, 3, 7541
List the prime factors of 143644.
2, 35911
What are the prime factors of 362900?
2, 5, 19, 191
List the prime factors of 53746.
2, 7, 11, 349
List the prime factors of 41623.
107, 389
List the prime factors of 83526.
2, 3, 13921
List the prime factors of 6630951.
3, 59, 37463
What are the prime factors of 320864?
2, 37, 271
What are the prime factors of 2235526?
2, 1117763
List the prime factors of 129098.
2, 17, 3797
List the prime factors of 16327192.
2, 7, 41651
List the prime factors of 9182943.
3, 7, 11, 631
List the prime factors of 238238.
2, 7, 11, 13, 17
List the prime factors of 6593024.
2, 79, 163
List the prime factors of 1999011.
3, 7, 95191
What are the prime factors of 14540183?
7, 311, 6679
List the prime factors of 6542476.
2, 1635619
What are the prime factors of 17450360?
2, 5, 19, 22961
List the prime factors of 719153.
719153
What are the prime factors of 2460138?
2, 3, 17, 89, 271
List the prime factors of 385158.
2, 3, 23, 2791
What are the prime factors of 2432761?
151, 16111
What are the prime factors of 8099215?
5, 31, 52253
What are the prime factors of 6064704?
2, 3, 10529
List the prime factors of 5111834.
2, 7, 13, 28087
List the prime factors of 2634049.
11, 1979
What are the prime factors of 4065064?
2, 137, 3709
List the prime factors of 139928.
2, 17491
What are the prime factors of 27986?
2, 7, 1999
List the prime factors of 5383511.
7, 769073
What are the prime factors of 968566?
2, 484283
What are the prime factors of 561671?
11, 51061
List the prime factors of 277628.
2, 13, 19, 281
What are the prime factors of 7683829?
7683829
What are the prime factors of 8926231?
23, 97, 4001
What are the prime factors of 310860?
2, 3, 5, 11, 157
List the prime factors of 226471.
7, 32353
List the prime factors of 10004.
2, 41, 61
List the prime factors of 3980554.
2, 1990277
What are the prime factors of 61014?
2, 3, 10169
What are the prime factors of 5259241?
13, 404557
What are the prime factors of 620046?
2, 3, 7, 19, 37
List the prime factors of 103937.
23, 4519
List the prime factors of 2633354.
2, 1316677
List the prime factors of 3708605.
5, 741721
What are the prime factors of 9332637?
3, 3110879
List the prime factors of 1388186.
2, 17, 40829
List the prime factors of 30485294.
2, 7, 2177521
What are the prime factors of 824845?
5, 7, 23567
List the prime factors of 18034609.
523, 34483
List the prime factors of 1362718.
2, 7, 19, 47, 109
What are the prime factors of 232497?
3, 79, 109
List the prime factors of 4064236.
2, 11, 92369
What are the prime factors of 106989?
3, 19, 1877
List the prime factors of 30605.
5, 6121
List the prime factors of 4906507.
4906507
List the prime factors of 3400743.
3, 29, 39089
What a